der when l is divided by 7?
2
Suppose -2*l - 322 + 112 = -3*w, -5*w + 3*l + 350 = 0. What is the remainder when w is divided by 18?
16
What is the remainder when 55 is divided by (-7 - -28) + (-4 - -2)?
17
Let q be (-22)/(-4) + 1/(-2). Suppose -2*w - q*d = -51, 2*w + 2*w - 5*d - 57 = 0. What is the remainder when w is divided by 5?
3
Let w(b) = b**3 + 4*b**2 - 2*b - 1. Let k be w(-2). Let s = -6 - -34. Let u = s - k. Calculate the remainder when u is divided by 6.
5
Suppose 3*v = -v + 32. Suppose 0 = w - 2 - 12. What is the remainder when w is divided by v?
6
Suppose 3*b = l - 8, 4*b = 5*l - 0 - 7. Let u = 88 + -46. What is the remainder when u is divided by 105/9 - (-2)/b?
9
Let x be 12/16 - (-10)/8. Let h = -9 + 23. What is the remainder when 8*3 - (x - 4) is divided by h?
12
Suppose 5*r - 10 = -2*d, 0*r - 3*d = 4*r - 8. Let l = 31 - 28. What is the remainder when l is divided by r?
1
Suppose -2*h - v + 34 = 3, 5*v = -2*h + 19. Let n = h - 7. Calculate the remainder when -2 + 1 + (-20)/(-1) is divided by n.
9
Suppose -h = 3*a - 2*h - 41, 0 = a + 3*h - 27. Suppose 633 + 12 = 15*d. Calculate the remainder when d is divided by a.
13
Suppose 0*u = 4*u. Suppose 5*w + 24 - 84 = u. Calculate the remainder when 33 is divided by w.
9
Suppose -m + 49 - 17 = 0. Calculate the remainder when m is divided by 17.
15
Let f = -7 + 10. Calculate the remainder when 6*f/(-3 - -9) is divided by 3.
0
Suppose -5*j = -u - 135, 0 = -4*j + u + 74 + 35. Calculate the remainder when j is divided by (-1144)/(-77) + (-2)/(-14).
11
Suppose -175*v = -178*v + 33. Suppose 0 = 3*s - 82 - 47. What is the remainder when s is divided by v?
10
Suppose y + 5*c - 20 = 0, -4*c + 23 = 4*y - 3*y. Let m = 24 - 12. What is the remainder when y is divided by m?
11
Let c(v) = -v - 1. Suppose -2*b + 4 = p - 21, b - 79 = -4*p. Calculate the remainder when p is divided by c(-8).
5
Suppose -219 = 5*a - 959. What is the remainder when a is divided by 50?
48
Calculate the remainder when 9 is divided by (-2 + (-4)/(-6))/1*-3.
1
Suppose 2*y = 0, -4*b + y = -34 - 14. Suppose -5*a = 2*l - 30, a + 29 = 5*l + 2*a. Calculate the remainder when b is divided by l.
2
Let s(n) = -n + 17. Suppose l + j = -2*j + 19, -2*l - 3*j = -47. What is the remainder when l is divided by s(7)?
8
Suppose -3*u + 14 = 2. Let h = 9 - 20. Let f = 0 - h. What is the remainder when f is divided by u?
3
Suppose 0 = -5*j + 2*j + 18. Suppose 6*q - 70 = q + 3*i, -3*q + 28 = i. What is the remainder when 61/2 - (-3)/j is divided by q?
9
Suppose y = -2*y + 60. Let p(v) = v**3 - 13*v**2 - 15*v + 21. Calculate the remainder when y is divided by p(14).
6
Let d(v) be the first derivative of -v**4/4 + 7*v**3/3 - 3*v**2 + 4*v + 3. What is the remainder when 5 is divided by d(6)?
1
Suppose -2*s - 944 = -978. Let k(u) = 2*u**3 - 5*u**2 + 6*u - 6. Calculate the remainder when k(4) is divided by s.
15
Let m(j) = -4*j. Let i = 3 - 5. Let o(w) = -w**2 + 9*w + 1. Calculate the remainder when o(7) is divided by m(i).
7
What is the remainder when (94/(-7))/(0 + (-4)/28) is divided by 14?
10
Suppose 3*l = 10 + 53. What is the remainder when 60 is divided by l?
18
Suppose -3*o = f - 18, 6*f - 18 = -3*o + f. Suppose -2*k - o = -3*k. What is the remainder when 10 is divided by k?
4
Let l(c) = 3*c**2 - 9*c + 1. What is the remainder when l(4) is divided by 4?
1
Let c = 1 + 2. Suppose -2*w = k - 29, 5*k - k - 12 = 0. What is the remainder when 70/3 + 2/c is divided by w?
11
Suppose -m = -5*o + 28, 0*m = 3*m - 3*o + 24. Let h = 26 + m. Suppose 12 = -2*n + 3*n. Calculate the remainder when h is divided by n.
11
Let q(x) = 23*x - 1. Calculate the remainder when 42 is divided by q(1).
20
Let w be 6/12 + 47/(-2). Let y = 36 + w. What is the remainder when 38 is divided by y?
12
Let o(x) = -x**3 + 4*x**2 - 3. Let r be o(4). Let y be 0 - 2 - (-24)/r. What is the remainder when 9 is divided by (1/(-2))/(1/y)?
4
Suppose -9 + 3 = 2*w. Calculate the remainder when -1 - 1 - 11*w is divided by 11.
9
Let i(y) = -y**2 + 9*y + 6. Calculate the remainder when 77 is divided by i(7).
17
Let z = 17 + -8. Suppose -4*y = 6*v - 3*v - 211, 3*y - 151 = 5*v. Suppose 4*h - y - 48 = 0. What is the remainder when h is divided by z?
7
Let i(q) = -q**3 + 7*q**2 - q. Let w be i(6). Suppose -46 = -2*g - 3*c - 1, 0 = -g + c + w. Calculate the remainder when g is divided by 7.
6
Let w(i) = i**3 - 9*i**2 + i - 1. What is the remainder when 15 is divided by w(9)?
7
Let z = 8 + -14. Let g = 3 - z. What is the remainder when g is divided by 4?
1
Let o be (-368)/(-10) + (-1)/(-5). Let v be o/7 - (-2)/(-7). Suppose 2*q - 50 = -3*z, z - v*z + 70 = 2*q. What is the remainder when z is divided by 7?
6
Suppose 0 = 3*c - 7*c - 20. Let k = 15 + c. What is the remainder when k is divided by 4?
2
Let g(m) = m**2 - 3*m + 1. Let q = 2 + 2. Let i = 22 - 14. Calculate the remainder when i is divided by g(q).
3
Let t = 0 + 0. Suppose t*b = -2*b - n - 1, n + 9 = 2*b. Suppose 0 = -5*v + b*y + 74, -1 = -v - 0*v + 5*y. What is the remainder when 31 is divided by v?
15
Suppose 7*j - 2*j = 0. Suppose 0 = -j*r - 2*r + 10. Suppose -60 = u - r*u. Calculate the remainder when 29 is divided by u.
14
Suppose 8 = 2*h + 2*h. Suppose -h*l = -3 - 5. Suppose -4*u + 0 = -l. Calculate the remainder when 1 is divided by u.
0
Let g(p) = p**3 - 3*p**2 - 4*p + 5. Let d be g(4). Suppose -a = 2*a + d*q - 43, 1 = a - q. What is the remainder when 19 is divided by a?
1
Suppose 0 = -4*t - 33 + 173. What is the remainder when t is divided by 12?
11
Suppose -g = -2*g + 4. What is the remainder when g is divided by (-2 + (-10)/(-6))*-6?
0
Suppose 5*u = u - 8, 2*q - u = 4. Calculate the remainder when 22 is divided by 3*q + (-30)/(-6).
6
Suppose -9 = -4*k + 7. Let g = 47 + -42. Suppose -3*o = g*l - 49, k*l = -5*o + 3*l + 111. What is the remainder when o is divided by 8?
7
What is the remainder when 73 is divided by -3 + (-324)/(-14) - (-1)/(-7)?
13
Let w be 3/6 + (-57)/(-6). What is the remainder when 103 is divided by (8/w)/(2/65)?
25
Suppose -7 = 2*c - 5*j - 1, -5*c + 3*j = -4. What is the remainder when (9/(-12))/(c/(-80)) is divided by 8?
6
Let f = -2 + -9. Let l = f + 22. Calculate the remainder when 43 is divided by l.
10
Suppose 0 = -4*p - 81 + 121. Suppose -4*f + 0*c + c + 68 = 0, 3*c = f - 17. What is the remainder when f is divided by p?
7
Suppose -5*t = -531 + 76. Calculate the remainder when t is divided by 23.
22
Suppose 2*l - 2*f - 32 = 0, 0 = l - 2*f - 0*f - 17. What is the remainder when 42 is divided by l?
12
Suppose -8*m - 5*m + 4121 = 0. Calculate the remainder when m is divided by 53.
52
Let a(x) = -2*x**2 + 12*x - 5. Calculate the remainder when a(5) is divided by 2.
1
Let w be (-4)/(-14) - (-402)/14. Let d = 1 - 12. Let k = d + w. What is the remainder when k is divided by 10?
8
Let f be ((-2)/3)/((-10)/90). Suppose f*i - 7 = 5*i. What is the remainder when i is divided by 5?
2
Suppose -4*o - 2*b = 3*b - 23, -5*o + 16 = 2*b. Let z be o/3 - (-44)/(-3). Let d = z + 29. What is the remainder when d is divided by 8?
7
Let c = -1 + 0. Let z be 2 - (0/1 + c). Suppose z*q = 1 + 20. Calculate the remainder when 13 is divided by q.
6
Suppose -8 = -3*n + 22. Let g be (n/6)/(9/27). Suppose -3*y + 2*y = 2*a - 33, g*y = 2*a - 3. Calculate the remainder when 26 is divided by a.
12
Let c(y) = y**2 + 9*y - 6. What is the remainder when 45 is divided by c(-11)?
13
Suppose 2*l = -s + 125, -3*l + 2*l - s + 64 = 0. What is the remainder when l is divided by 21?
19
Let f be 548/6 + 2/3. Calculate the remainder when 6/(-9) + f/3 is divided by 8.
6
Let s = -14 - -17. Suppose 2*c = -s*m - m + 24, -18 = -2*c - m. Calculate the remainder when c is divided by 5.
3
Suppose -351 = -4*f + 185. Calculate the remainder when f is divided by 46.
42
Suppose 0 = o - 2 + 3, 5*o = -4*m + 207. Suppose -2*a - 2*a = -72. Calculate the remainder when m is divided by a.
17
Suppose -5*v + 7*v = 6. Suppose 0 = -4*t + 3*g + 251, 129 = v*t - 4*g - 61. Calculate the remainder when t is divided by (14/(-4))/((-2)/12).
20
Let p = 26 + -12. Let f(y) = -y**3 - 10*y**2 - 8*y + 7. Let l be f(-9). Let a = l + 10. Calculate the remainder when p is divided by a.
6
What is the remainder when 21 is divided by -3 + (10 + -12 - -17*1)?
9
Let t be (-70)/8 - (-15)/20. Su